hat is the greatest common factor of 19 and 361?
19
What is the highest common factor of 162 and 24?
6
What is the highest common factor of 74 and 148?
74
Calculate the greatest common divisor of 134 and 5762.
134
What is the highest common divisor of 18 and 10269?
9
Calculate the highest common factor of 4 and 4724.
4
Calculate the greatest common factor of 104 and 39.
13
What is the greatest common divisor of 2968 and 14?
14
What is the greatest common divisor of 22 and 14?
2
What is the greatest common factor of 160 and 192?
32
What is the greatest common factor of 48 and 1200?
48
What is the highest common divisor of 2495 and 5?
5
Calculate the greatest common divisor of 256 and 1600.
64
Calculate the highest common divisor of 96 and 60.
12
What is the highest common divisor of 9 and 1965?
3
Calculate the highest common factor of 33 and 3443.
11
Calculate the greatest common divisor of 160 and 2120.
40
What is the greatest common divisor of 10 and 402?
2
Calculate the highest common factor of 200 and 15.
5
Calculate the highest common factor of 192 and 3648.
192
Calculate the highest common factor of 7348 and 44.
44
Calculate the highest common factor of 5177 and 31.
31
Calculate the greatest common divisor of 40 and 15.
5
Calculate the highest common divisor of 1035 and 25.
5
Calculate the greatest common divisor of 318 and 8798.
106
Calculate the greatest common factor of 768 and 252.
12
Calculate the highest common divisor of 1725 and 69.
69
What is the highest common factor of 1090 and 10?
10
What is the highest common factor of 12 and 8292?
12
Calculate the greatest common factor of 3562 and 26.
26
Calculate the greatest common divisor of 100 and 8.
4
Calculate the greatest common factor of 4853 and 633.
211
What is the highest common divisor of 490 and 294?
98
What is the highest common divisor of 242 and 6534?
242
What is the greatest common divisor of 57 and 38?
19
What is the highest common factor of 48 and 22224?
48
Calculate the highest common factor of 95 and 445.
5
What is the highest common factor of 10 and 162?
2
What is the highest common divisor of 6 and 1230?
6
Calculate the greatest common divisor of 4 and 389.
1
What is the greatest common divisor of 111 and 9?
3
Calculate the greatest common divisor of 5973 and 165.
33
What is the highest common factor of 9 and 2277?
9
What is the greatest common factor of 1005 and 30?
15
What is the highest common factor of 120 and 135?
15
Calculate the highest common divisor of 80 and 48.
16
Calculate the highest common divisor of 50 and 1130.
10
What is the greatest common divisor of 68 and 52?
4
Calculate the greatest common factor of 42 and 5530.
14
What is the greatest common factor of 6 and 5142?
6
Calculate the highest common divisor of 161 and 69.
23
What is the greatest common factor of 1445 and 15?
5
What is the highest common factor of 4 and 2428?
4
What is the greatest common factor of 689 and 26?
13
What is the highest common divisor of 6499 and 67?
67
Calculate the highest common factor of 12 and 186.
6
Calculate the highest common factor of 132 and 36.
12
Calculate the greatest common divisor of 680 and 20.
20
Calculate the greatest common divisor of 46 and 782.
46
What is the greatest common divisor of 101 and 7373?
101
Calculate the highest common divisor of 2060 and 1854.
206
What is the highest common divisor of 30 and 795?
15
Calculate the highest common divisor of 11 and 7.
1
What is the highest common divisor of 620 and 40?
20
Calculate the greatest common factor of 68 and 187.
17
What is the greatest common factor of 1551 and 33?
33
Calculate the highest common divisor of 35 and 6755.
35
Calculate the highest common divisor of 70 and 385.
35
Calculate the highest common factor of 22 and 110.
22
Calculate the greatest common factor of 4 and 1864.
4
What is the highest common factor of 2752 and 64?
64
What is the greatest common divisor of 231 and 77?
77
What is the greatest common divisor of 200 and 1040?
40
What is the highest common divisor of 468 and 63?
9
What is the highest common divisor of 17 and 6103?
17
What is the greatest common divisor of 1377 and 34?
17
What is the highest common divisor of 35 and 13545?
35
Calculate the greatest common factor of 754 and 52.
26
Calculate the highest common factor of 276 and 36.
12
What is the greatest common factor of 20 and 70?
10
Calculate the highest common factor of 43 and 43.
43
Calculate the greatest common factor of 3444 and 12.
12
What is the highest common factor of 63 and 261?
9
Calculate the highest common factor of 1816 and 16.
8
What is the highest common divisor of 14 and 6489?
7
What is the greatest common factor of 10 and 790?
10
Calculate the greatest common factor of 159 and 37418.
53
What is the highest common factor of 68 and 85?
17
Calculate the greatest common divisor of 17 and 1462.
17
Calculate the greatest common factor of 15167 and 203.
29
What is the highest common factor of 70812 and 21?
21
Calculate the greatest common divisor of 2020 and 30.
10
What is the greatest common divisor of 1296 and 96?
48
What is the greatest common factor of 19089 and 567?
189
Calculate the highest common divisor of 57 and 266.
19
What is the greatest common factor of 36 and 9972?
36
Calculate the highest common divisor of 770 and 1260.
70
Calculate the greatest common divisor of 1516 and 116.
4
Calculate the greatest common divisor of 192 and 12192.
96
What is the greatest common divisor of 186 and 25947?
93
Calculate the greatest common factor of 32 and 12528.
16
Calculate the greatest common divisor of 91 and 52.
13
Calculate the greatest common divisor of 1395 and 620.
155
Calculate the greatest common factor of 45 and 363.
3
Calculate the highest common factor of 105 and 1197.
21
What is the greatest common divisor of 426 and 114?
6
Calculate the greatest common factor of 2820 and 60.
60
Calculate the greatest common divisor of 12688 and 13.
13
Calculate the highest common divisor of 45 and 1395.
45
What is the greatest common divisor of 11 and 1067?
11
Calculate the highest common divisor of 837 and 31.
31
What is the greatest common factor of 424 and 530?
106
Calculate the highest common divisor of 105 and 10320.
15
What is the highest common factor of 31 and 713?
31
What is the highest common divisor of 12012 and 168?
84
What is the highest common factor of 190 and 133?
19
Calculate the greatest common factor of 637 and 147.
49
What is the greatest common factor of 189 and 540?
27
Calculate the greatest common factor of 12 and 2868.
12
Calculate the greatest common factor of 8418 and 552.
138
What is the highest common factor of 6596 and 291?
97
Calculate the greatest common divisor of 14 and 70.
14
Calculate the highest common factor of 51 and 21267.
51
Calculate the highest common divisor of 390 and 12.
6
Calculate the greatest common factor of 3768 and 72.
24
What is the greatest common factor of 13 and 15?
1
Calculate the highest common divisor of 476 and 1700.
68
What is the highest common factor of 21 and 1113?
21
What is the highest common divisor of 117 and 666?
9
Calculate the greatest common divisor of 187 and 51.
17
Calculate the highest common divisor of 10 and 670.
10
What is the greatest common divisor of 14 and 1106?
14
Calculate the highest common divisor of 138 and 897.
69
What is the highest common divisor of 238 and 68?
34
What is the highest common divisor of 1000 and 320?
40
What is the greatest common factor of 106 and 4?
2
Calculate the highest common factor of 11 and 286.
11
Calculate the greatest common factor of 216 and 1458.
54
Calculate the greatest common divisor of 2 and 74.
2
Calculate the greatest common factor of 143 and 341.
11
Calculate the highest common factor of 4580 and 40.
20
What is the highest common factor of 244 and 610?
122
Calculate the greatest common factor of 54 and 1710.
18
Calculate the greatest common divisor of 64 and 1752.
8
What is the highest common divisor of 299 and 52?
13
Calculate the greatest common divisor of 1358 and 70.
14
Calculate the greatest common factor of 284 and 20.
4
What is the greatest common divisor of 52 and 494?
26
Calculate the highest common divisor of 205 and 123.
41
What is the greatest common factor of 5635 and 575?